5?
5, 643
List the prime factors of 76218.
2, 3, 12703
What are the prime factors of 89312?
2, 2791
What are the prime factors of 3754?
2, 1877
What are the prime factors of 8418?
2, 3, 23, 61
What are the prime factors of 4873?
11, 443
List the prime factors of 18194.
2, 11, 827
What are the prime factors of 1205?
5, 241
What are the prime factors of 1554?
2, 3, 7, 37
List the prime factors of 7364.
2, 7, 263
What are the prime factors of 2696?
2, 337
List the prime factors of 33611.
19, 29, 61
List the prime factors of 7895.
5, 1579
List the prime factors of 4699.
37, 127
What are the prime factors of 2525?
5, 101
What are the prime factors of 18184?
2, 2273
List the prime factors of 9890.
2, 5, 23, 43
List the prime factors of 8531.
19, 449
What are the prime factors of 19139?
19139
What are the prime factors of 4225?
5, 13
What are the prime factors of 27255?
3, 5, 23, 79
What are the prime factors of 227?
227
What are the prime factors of 48440?
2, 5, 7, 173
What are the prime factors of 1111?
11, 101
List the prime factors of 18744.
2, 3, 11, 71
List the prime factors of 1936.
2, 11
List the prime factors of 10535.
5, 7, 43
List the prime factors of 867.
3, 17
List the prime factors of 65373.
3, 7, 11, 283
List the prime factors of 2155.
5, 431
What are the prime factors of 24?
2, 3
List the prime factors of 571.
571
What are the prime factors of 6169?
31, 199
List the prime factors of 19324.
2, 4831
List the prime factors of 36552.
2, 3, 1523
List the prime factors of 21516.
2, 3, 11, 163
What are the prime factors of 2095?
5, 419
List the prime factors of 140705.
5, 107, 263
List the prime factors of 3232.
2, 101
What are the prime factors of 987?
3, 7, 47
What are the prime factors of 879?
3, 293
What are the prime factors of 503?
503
What are the prime factors of 2635?
5, 17, 31
List the prime factors of 179.
179
List the prime factors of 40387.
40387
List the prime factors of 1952.
2, 61
What are the prime factors of 1497?
3, 499
What are the prime factors of 67502?
2, 33751
What are the prime factors of 25464?
2, 3, 1061
List the prime factors of 23587.
103, 229
What are the prime factors of 3140?
2, 5, 157
List the prime factors of 793.
13, 61
What are the prime factors of 784?
2, 7
What are the prime factors of 1089?
3, 11
List the prime factors of 1520.
2, 5, 19
What are the prime factors of 1713?
3, 571
List the prime factors of 488.
2, 61
List the prime factors of 21502.
2, 13, 827
List the prime factors of 12704.
2, 397
What are the prime factors of 12207?
3, 13, 313
What are the prime factors of 67492?
2, 47, 359
What are the prime factors of 108643?
108643
What are the prime factors of 127?
127
List the prime factors of 287.
7, 41
List the prime factors of 1797.
3, 599
List the prime factors of 941.
941
What are the prime factors of 106550?
2, 5, 2131
List the prime factors of 8218.
2, 7, 587
List the prime factors of 58416.
2, 3, 1217
List the prime factors of 2949.
3, 983
List the prime factors of 75319.
109, 691
List the prime factors of 46532.
2, 11633
List the prime factors of 1533.
3, 7, 73
List the prime factors of 3608.
2, 11, 41
What are the prime factors of 4166?
2, 2083
List the prime factors of 6407.
43, 149
List the prime factors of 83921.
83921
List the prime factors of 85194.
2, 3, 4733
List the prime factors of 507.
3, 13
What are the prime factors of 77369?
77369
List the prime factors of 38.
2, 19
What are the prime factors of 1091?
1091
List the prime factors of 8541.
3, 13, 73
List the prime factors of 713.
23, 31
List the prime factors of 12988.
2, 17, 191
What are the prime factors of 3736?
2, 467
List the prime factors of 62137.
62137
What are the prime factors of 2770?
2, 5, 277
What are the prime factors of 2551?
2551
List the prime factors of 22285.
5, 4457
List the prime factors of 145147.
173, 839
What are the prime factors of 178?
2, 89
List the prime factors of 969.
3, 17, 19
What are the prime factors of 3002?
2, 19, 79
What are the prime factors of 44562?
2, 3, 7, 1061
List the prime factors of 5921.
31, 191
List the prime factors of 255.
3, 5, 17
List the prime factors of 11850.
2, 3, 5, 79
List the prime factors of 1316.
2, 7, 47
What are the prime factors of 5474?
2, 7, 17, 23
List the prime factors of 13421.
13421
List the prime factors of 1462.
2, 17, 43
List the prime factors of 83722.
2, 41, 1021
What are the prime factors of 682?
2, 11, 31
List the prime factors of 1364.
2, 11, 31
List the prime factors of 46172.
2, 7, 17, 97
What are the prime factors of 27399?
3, 9133
What are the prime factors of 274?
2, 137
List the prime factors of 568.
2, 71
What are the prime factors of 3124?
2, 11, 71
What are the prime factors of 5399?
5399
List the prime factors of 29022.
2, 3, 7, 691
What are the prime factors of 790?
2, 5, 79
List the prime factors of 32013.
3, 3557
What are the prime factors of 6199?
6199
List the prime factors of 4085.
5, 19, 43
What are the prime factors of 234?
2, 3, 13
List the prime factors of 14080.
2, 5, 11
What are the prime factors of 113949?
3, 11, 1151
What are the prime factors of 12103?
7, 13, 19
What are the prime factors of 1039?
1039
What are the prime factors of 467?
467
What are the prime factors of 901?
17, 53
List the prime factors of 7572.
2, 3, 631
What are the prime factors of 118733?
37, 3209
What are the prime factors of 3467?
3467
List the prime factors of 5047.
7, 103
What are the prime factors of 47326?
2, 23663
List the prime factors of 2966.
2, 1483
List the prime factors of 7512.
2, 3, 313
What are the prime factors of 3671?
3671
List the prime factors of 36786.
2, 3, 6131
List the prime factors of 1142.
2, 571
What are the prime factors of 4756?
2, 29, 41
List the prime factors of 37736.
2, 53, 89
What are the prime factors of 925?
5, 37
List the prime factors of 12509.
7, 1787
What are the prime factors of 47893?
47, 1019
List the prime factors of 52.
2, 13
List the prime factors of 18356.
2, 13, 353
What are the prime factors of 4294?
2, 19, 113
List the prime factors of 22976.
2, 359
What are the prime factors of 4756?
2, 29, 41
List the prime factors of 3369.
3, 1123
What are the prime factors of 455?
5, 7, 13
List the prime factors of 11682.
2, 3, 11, 59
What are the prime factors of 150?
2, 3, 5
List the prime factors of 23323.
83, 281
What are the prime factors of 623?
7, 89
What are the prime factors of 2332?
2, 11, 53
List the prime factors of 587.
587
List the prime factors of 29213.
131, 223
List the prime factors of 181.
181
What are the prime factors of 60120?
2, 3, 5, 167
List the prime factors of 6255.
3, 5, 139
What are the prime factors of 1675?
5, 67
List the prime factors of 42028.
2, 7, 19, 79
What are the prime factors of 1322?
2, 661
What are the prime factors of 1778?
2, 7, 127
What are the prime factors of 13818?
2, 3, 7, 47
List the prime factors of 52967.
52967
List the prime factors of 143430.
2, 3, 5, 7, 683
List the prime factors of 61708.
2, 15427
List the prime factors of 4130.
2, 5, 7, 59
What are the prime factors of 86?
2, 43
List the prime factors of 39356.
2, 9839
What are the prime factors of 5474?
2, 7, 17, 23
What are the prime factors of 12490?
2, 5, 1249
What are the prime factors of 35459?
59, 601
List the prime factors of 70872.
2, 3, 2953
List the prime factors of 513.
3, 19
What are the prime factors of 7137?
3, 13, 61
List the prime factors of 4709.
17, 277
List the prime factors of 104143.
13, 8011
What are the prime factors of 68731?
13, 17, 311
List the prime factors of 1453.
1453
What are the prime factors of 1732?
2, 433
What are the prime factors of 1348?
2, 337
List the prime factors of 1283.
1283
What are the prime factors of 720?
2, 3, 5
What are the prime factors of 9534?
2, 3, 7, 227
List the prime factors of 9444.
2, 3, 787
List the prime factors of 12577.
12577
List the prime factors of 30656.
2, 479
What are the prime factors of 1073?
29, 37
List the prime factors of 107993.
79, 1367
What are the prime factors of 14013?
3, 173
List the prime factors of 4402.
2, 31, 71
List the prime factors of 25240.
2, 5, 631
What are the prime factors of 169?
13
List the prime factors of 36527.
36527
List the prime factors of 13358.
2, 6679
What are the prime factors of 32650?
2, 5, 653
What